nd 1.
1
What is the greatest common factor of 522 and 116?
58
What is the greatest common factor of 3383 and 597?
199
Calculate the greatest common divisor of 755 and 1812.
151
What is the highest common divisor of 10854 and 268?
134
Calculate the greatest common divisor of 15 and 165.
15
Calculate the highest common divisor of 14791 and 7.
7
Calculate the greatest common divisor of 1 and 156.
1
What is the highest common divisor of 1026 and 54?
54
What is the greatest common divisor of 474 and 79?
79
What is the highest common factor of 23 and 989?
23
Calculate the highest common factor of 8 and 16.
8
What is the greatest common factor of 1573 and 22?
11
Calculate the highest common divisor of 672 and 23856.
336
Calculate the highest common factor of 5 and 4555.
5
What is the greatest common divisor of 990 and 1170?
90
What is the greatest common divisor of 236 and 8?
4
What is the greatest common divisor of 12 and 128?
4
Calculate the greatest common factor of 28100 and 300.
100
Calculate the highest common factor of 3744 and 702.
234
Calculate the highest common divisor of 42 and 574.
14
Calculate the greatest common factor of 9709 and 511.
511
What is the greatest common factor of 11 and 563?
1
Calculate the highest common factor of 28 and 210.
14
Calculate the highest common factor of 62 and 341.
31
Calculate the greatest common factor of 712 and 680.
8
Calculate the highest common divisor of 1464 and 72.
24
Calculate the highest common factor of 4795 and 35.
35
What is the highest common divisor of 91 and 952?
7
Calculate the highest common factor of 68 and 102.
34
What is the greatest common divisor of 420 and 24?
12
What is the greatest common factor of 1173 and 69?
69
Calculate the highest common divisor of 204 and 5556.
12
What is the highest common divisor of 370 and 2738?
74
What is the greatest common divisor of 560 and 32?
16
What is the greatest common divisor of 12 and 66?
6
What is the greatest common divisor of 16757 and 13?
13
Calculate the highest common factor of 84 and 519.
3
What is the greatest common factor of 3268 and 152?
76
Calculate the highest common divisor of 2382 and 12.
6
Calculate the highest common divisor of 240 and 660.
60
Calculate the greatest common divisor of 600 and 90.
30
What is the highest common divisor of 182 and 7?
7
What is the greatest common divisor of 144 and 2080?
16
Calculate the greatest common factor of 391 and 34.
17
Calculate the highest common factor of 5341 and 109.
109
Calculate the greatest common factor of 156 and 3250.
26
Calculate the highest common divisor of 44 and 4.
4
What is the highest common factor of 4 and 104?
4
Calculate the highest common factor of 270 and 6870.
30
Calculate the highest common factor of 2076 and 84.
12
What is the greatest common factor of 4125 and 11?
11
Calculate the highest common divisor of 141 and 235.
47
What is the greatest common factor of 126 and 189?
63
Calculate the highest common divisor of 25 and 715.
5
Calculate the highest common factor of 110 and 1408.
22
Calculate the highest common factor of 1826 and 66.
22
What is the highest common divisor of 30 and 19680?
30
Calculate the highest common divisor of 141 and 517.
47
Calculate the greatest common factor of 132 and 6512.
44
Calculate the highest common divisor of 7 and 13.
1
What is the greatest common factor of 238 and 34?
34
What is the greatest common factor of 693 and 308?
77
Calculate the highest common divisor of 245 and 15.
5
What is the highest common divisor of 21 and 21?
21
What is the greatest common divisor of 3475 and 25?
25
What is the highest common factor of 11 and 143?
11
Calculate the greatest common factor of 182 and 322.
14
Calculate the highest common factor of 195 and 117.
39
Calculate the highest common divisor of 24 and 213.
3
Calculate the greatest common factor of 793 and 26.
13
What is the highest common factor of 176 and 220?
44
What is the greatest common divisor of 53 and 10441?
53
What is the greatest common factor of 120 and 45?
15
Calculate the highest common divisor of 40 and 128.
8
Calculate the greatest common divisor of 32 and 3920.
16
Calculate the highest common divisor of 16902 and 54.
54
Calculate the greatest common divisor of 3402 and 126.
126
Calculate the greatest common divisor of 11 and 935.
11
Calculate the highest common factor of 2877 and 42.
21
What is the greatest common factor of 442 and 104?
26
What is the greatest common divisor of 516 and 903?
129
What is the highest common factor of 3683 and 508?
127
Calculate the greatest common divisor of 2010 and 570.
30
Calculate the greatest common factor of 495 and 45.
45
What is the highest common factor of 552 and 24?
24
What is the highest common divisor of 36 and 4?
4
What is the highest common factor of 2 and 265?
1
What is the highest common factor of 17111 and 723?
241
Calculate the greatest common factor of 8 and 196.
4
What is the highest common divisor of 36 and 324?
36
What is the greatest common factor of 8 and 6?
2
Calculate the highest common divisor of 441 and 9359.
49
What is the greatest common factor of 637 and 49?
49
Calculate the highest common divisor of 1080 and 24.
24
Calculate the highest common factor of 783 and 29.
29
Calculate the greatest common divisor of 6 and 192.
6
What is the highest common factor of 243 and 54?
27
What is the greatest common factor of 20 and 470?
10
What is the greatest common divisor of 1090 and 10?
10
Calculate the highest common divisor of 88 and 484.
44
What is the greatest common factor of 10 and 770?
10
Calculate the greatest common divisor of 3097 and 978.
163
What is the highest common divisor of 30 and 50?
10
What is the greatest common divisor of 57 and 836?
19
What is the greatest common divisor of 156 and 948?
12
What is the highest common factor of 2317 and 14?
7
What is the greatest common divisor of 26 and 14027?
13
Calculate the highest common divisor of 18 and 669.
3
What is the greatest common factor of 437 and 23?
23
What is the highest common factor of 84 and 156?
12
What is the highest common divisor of 247 and 209?
19
Calculate the greatest common divisor of 9485 and 315.
35
Calculate the highest common factor of 24 and 75948.
12
What is the greatest common divisor of 678 and 12?
6
Calculate the greatest common factor of 20 and 256.
4
What is the highest common divisor of 63 and 1008?
63
Calculate the highest common divisor of 9966 and 66.
66
What is the greatest common factor of 110 and 90?
10
Calculate the highest common factor of 1081 and 47.
47
Calculate the greatest common factor of 55 and 1115.
5
Calculate the highest common divisor of 3009 and 816.
51
Calculate the greatest common divisor of 6 and 31290.
6
What is the greatest common divisor of 5306 and 7?
7
What is the greatest common divisor of 324 and 6?
6
Calculate the highest common divisor of 85 and 115.
5
Calculate the greatest common divisor of 988 and 5662.
38
Calculate the greatest common factor of 484 and 88.
44
What is the greatest common factor of 119 and 17?
17
What is the greatest common divisor of 33 and 3597?
33
Calculate the highest common divisor of 29 and 19807.
29
Calculate the greatest common divisor of 3738 and 273.
21
What is the highest common divisor of 1176 and 72?
24
Calculate the highest common factor of 182 and 104.
26
Calculate the highest common factor of 21 and 217.
7
Calculate the highest common factor of 21956 and 88.
44
What is the greatest common divisor of 374 and 121?
11
Calculate the highest common divisor of 15 and 141.
3
What is the greatest common divisor of 52 and 1651?
13
What is the highest common factor of 8250 and 1000?
250
What is the greatest common divisor of 155 and 40?
5
What is the greatest common divisor of 627 and 297?
33
Calculate the greatest common factor of 28 and 91.
7
Calculate the highest common divisor of 93900 and 100.
100
What is the highest common divisor of 1156 and 204?
68
Calculate the greatest common divisor of 984 and 31816.
328
What is the highest common divisor of 37 and 3589?
37
Calculate the greatest common factor of 4 and 64.
4
Calculate the greatest common factor of 1656 and 576.
72
Calculate the highest common divisor of 21 and 56.
7
What is the highest common factor of 187 and 3